3)/v*-74. Determine r(a).
-18
Let y(x) = -x**3 + 9*x**2 - x + 8. Let j = -444 - -453. Give y(j).
-1
Let f be 1/((81/45)/(-9)). Let n(g) = -7*g + 10. Give n(f).
45
Let i(q) = -1 - 4 + 4 + 2. Let o(f) = -2*f + 7. Let m(y) = -6*i(y) + o(y). What is m(-3)?
7
Let x(h) be the third derivative of -h**6/120 + h**4/24 + 5*h**3/3 - 2005*h**2. Suppose 2 = 5*s + 2*b, -s + 5*s - 2 = -2*b. Give x(s).
10
Let a(u) = -u**2 + 8*u + 7. Let n(r) = -2*r**2 + 15*r + 13. Let o be (0 - 2 - -1 - -6) + -1. Let i(m) = o*n(m) - 7*a(m). Determine i(-2).
-9
Let q be (-9 - 60/(-8))*-4. Let u(x) = x**2 - 9*x + 14. Calculate u(q).
-4
Let v be 16 + (1 + 4)/(6/(-6)). Let u(n) = n - 9. Determine u(v).
2
Suppose -9 = -2*u + u. Suppose -p + u - 6 = 0. Let x(q) = -q - q + p*q. Calculate x(4).
4
Let s(o) = o**3 - o**2 - 3*o + 1. Suppose w = 5*w + i - 7, -w + 5*i + 7 = 0. Let u(f) = -f**2 - 7*f + 6. Let c be u(-7). Suppose w*m - c = -0. Give s(m).
10
Let w be (-2)/(-5) + (-27)/5. Let b(r) be the second derivative of r**4/12 + 2*r**3/3 - 3*r**2 + 6*r - 23. What is b(w)?
-1
Let b(o) = -o**3 - 3*o**2 - 1. Suppose -4*y = 5*f - 0*f - 46, 23 = 3*y - 2*f. Let x be 6 - 3/y*0. Let r(h) = -h**3 + 5*h**2 + 7*h - 9. Let l be r(x). Give b(l).
-1
Let c(a) = 3*a + 330 - 6*a - 329. What is c(-10)?
31
Let p(k) = -k**3 + 5*k**2 - 7*k + 6. Suppose 4*m - 5*g = 85 - 44, 3*m = 3*g + 27. Determine p(m).
-6
Let a = 12 - -6. Suppose 22*c = a*c + 24. Let s(f) = -2*f. Determine s(c).
-12
Let u = 621 + -628. Let y(g) = -g**2 - 10*g - 8. Calculate y(u).
13
Let q(w) = -305 + 596 + 9*w - 297. What is q(5)?
39
Let z be 8/6*39/26. Let h(i) = z + 0 + 0 - 5*i + 17*i**2 - 18*i**2. Give h(-3).
8
Let k(f) be the second derivative of -f**5/10 + f**4/12 - f**3/6 - f**2 + 2*f - 3. Determine k(0).
-2
Let q(j) be the third derivative of j**5/120 - j**4/6 + j**3/2 + 8*j**2. Let z(m) be the first derivative of q(m). Calculate z(5).
1
Let n(r) = -r + 31. Let w(t) = -t + 22. Let u(h) = 5*n(h) - 7*w(h). Calculate u(1).
3
Suppose 2*v - l = v + 8, 4*v + 5*l + 13 = 0. Suppose -7*b = -v + 17. Let j(n) = -4*n - 3. Give j(b).
5
Suppose 5*u = -2*l + 33, 187 = 4*l - 2*u + 133. Let p(w) = w**2 - 17*w + 48. Give p(l).
6
Suppose r - 2 = 3*r. Let g(u) = 65*u**2 + 6 - 66*u**2 - 6. Calculate g(r).
-1
Let i be 1 + 11/(33/6). Suppose -4 + 1 = -i*t, 4*t = -o - 4. Let u(z) = z - 5. Calculate u(o).
-13
Let s(m) = 28 + 0*m + 2*m - 32 + m. Suppose -3 = -0*p - 3*p + 4*i, -2*p + 2 = -5*i. Let y = p - -2. Give s(y).
5
Let y(m) be the second derivative of m**3/2 + 2*m**2 + 32*m + 2. Calculate y(-9).
-23
Let t(w) = -9*w**3 - 7*w**2 + 2*w + 4. Let n be (-1)/(-8) - 294/48. Let d(k) = -10*k**3 - 8*k**2 + 2*k + 5. Let o(a) = n*t(a) + 5*d(a). Give o(1).
5
Let h(r) = -11*r**3 + 19*r**2 + 7*r + 3. Let j(k) be the first derivative of -5*k**4/4 + 3*k**3 + 3*k**2/2 + k - 7. Let v(w) = -4*h(w) + 9*j(w). Determine v(4).
9
Let i(l) = -10*l - 11 - 9 + l**2 + 33 - 8. Let y be i(9). Let f(r) = -r + 1. Determine f(y).
5
Let y(i) be the third derivative of i**6/120 + i**5/60 - i**4/4 + i**3/3 + 9*i**2 + 2*i. Give y(2).
2
Let x(t) = -3*t + 7. Let l(v) = -2 + 3*v - 6*v + 1. Let g be l(5). Let a(f) = -f**2 - 15*f + 21. Let y be a(g). Calculate x(y).
-8
Let p(f) = 6 + 3*f + 2 + 10 + 0*f. Let i(v) = v + 6. Let g(q) = 7*i(q) - 2*p(q). Determine g(0).
6
Suppose 3*s + 8 = 2*s. Let z(c) = -c**2 - 3*c + 4. What is z(s)?
-36
Let x(s) = 1. Let u(a) = a**2 - 7*a - 7. Let d(z) = -u(z) + 6*x(z). Determine d(10).
-17
Let m = -72 + 70. Let c = m + 7. Let v(n) = -3*n + 7. Give v(c).
-8
Let u be 52/12 + (-45)/(-27). Let z(x) be the third derivative of -1/10*x**5 + 0*x - 3*x**2 - 1/6*x**3 - 1/120*x**u - 1/4*x**4 + 0. Determine z(-5).
4
Let q(c) be the first derivative of -1 + 3*c + 3/2*c**2. Let v be 1*5/((-20)/8). Give q(v).
-3
Let n = -2151 + 2159. Let z(h) = h**2 - 8*h - 12. Give z(n).
-12
Let z(y) = -y**2 - y + 7. Let s(i) = -2*i - 4. Let j be s(-8). Let p be j/3*(-6)/8. Let m(d) = -d**3 - 5*d**2 - 5*d - 2. Let q be m(p). Give z(q).
-13
Let k(n) = -n + 2 - 4*n**2 + 1 - 7. Let y(a) = -3*a**2 - a - 5. Let i(o) = 2*k(o) - 3*y(o). Let u be i(0). Let j(h) = -h**2 + 7*h - 6. What is j(u)?
-6
Let f(h) be the second derivative of -2*h**3/3 - 10*h**2 + 33*h. Give f(-6).
4
Let i be (-65)/(-260) - (-5)/(-4). Let j(p) = -12*p**2 - p - 1. Calculate j(i).
-12
Let q(m) = -44 + 19 + m + 24 - 3*m. Determine q(-7).
13
Suppose -2*x - 5 + 1 = 0. Let p be x + 5 + -2 + 1. Suppose -5*f = -p*i + 10, -3*f + 2 = 5*i + 8. Let a(y) = y**2 + 2. What is a(i)?
2
Let h = 9 - 5. Let n be (h/(-6))/((-2)/15). Let s(m) be the third derivative of m**6/120 - m**5/12 - m**4/24 + m**3/6 + 7*m**2 + 4*m. Calculate s(n).
-4
Let u(d) = d**3 - 12*d**2 + 26*d + 10. Let h be u(9). Let v(r) = -r**2 + 5*r - 1. Let z be v(2). Suppose z*o + 14 = -h. Let a(s) = -s**2 - 3*s. Calculate a(o).
0
Let q(d) be the second derivative of 3*d**3/2 - 21*d. Determine q(2).
18
Let r = 10 + 20. Suppose -87 = -2*f - c, -2*c - 6 - r = -f. Let n be f/(-9) - (-12)/18. Let y(s) = -s**2 - 6*s - 2. What is y(n)?
6
Let q(a) = -22*a**3 + 4*a - 13*a**2 + 6*a**2 + 23*a**3 + 8. Give q(6).
-4
Let o(m) = -2*m**2 - 3*m + 5. Let i(j) = j**2 - 33*j - 324. Let l be i(41). Determine o(l).
-39
Let p(w) = -3*w - 75. Let d be p(-27). Let m(v) = 3*v - 17. What is m(d)?
1
Let x(g) = g**2 + 7*g - 6. Let c be x(-8). Suppose -9 + 6 = -n. Let z(h) = 6*h**n - 2 - 3*h**c - 4*h + h - 5*h**3. Give z(4).
2
Let z(q) = -6 - 14*q + 4*q + 2*q + 11*q. Determine z(5).
9
Let u(c) = c**2 - 7*c + 3. Let a be u(8). Let h = 11 - a. Suppose h*r = -5*r. Let d(f) = f**3 + f**2 - f + 5. Calculate d(r).
5
Let o(x) = -x**2 - 2*x + 4. Let q(h) = 14*h + 3. Let a be q(-1). Let g = -16 - a. Calculate o(g).
-11
Let x = -16 - -17. Let m(d) = -x - 2*d + 7*d**2 - 1 - d**3 - 9*d**2. Let s = 50 + -52. Determine m(s).
2
Let u = 18 + -13. Suppose l = p + 6, 0 = -u*l + 3*p - 2 + 24. Let a(d) = d - 1 + l*d - 2*d. Determine a(4).
3
Let p(m) = 14*m - 40. Let t(x) = -7*x + 18. Let d(g) = -6*p(g) - 13*t(g). Give d(7).
55
Suppose -2*q - 34 = 2*q + 3*t, 4*t + 8 = 0. Let h(m) = 17*m**2 + 7*m - 14. Let l(z) = 4*z**2 - 2. Let f(s) = -h(s) + 4*l(s). Give f(q).
6
Let a(d) be the first derivative of 1 - d + 1/2*d**2. Determine a(-3).
-4
Let w = 16 - 5. Let u = w + -9. Let l(f) = f + f**3 - f**2 - u*f**3 + 2*f**3. Calculate l(0).
0
Let k(a) = 0*a**2 + 35*a + 2*a**2 - 34*a - 3*a**2 - 5 + a**3. Give k(0).
-5
Let j(s) = 14*s + 177. Let u be j(-13). Let b(c) = c**3 + 4*c**2 - 8*c - 4. Give b(u).
11
Let l(j) = -11*j + 20. Let i(k) = 45*k - 81. Let v(y) = 2*i(y) + 9*l(y). Let d(z) = 5*z - 9. Let q(p) = -5*d(p) - 3*v(p). Let b = 10 + -4. Determine q(b).
3
Suppose k + 3*m - 8 = 0, -k - 2*k + m = -24. Let x(f) = -12 - 6 + 24 - 4 - 6 - 2*f. Calculate x(k).
-20
Suppose -3*r + 8 = 2. Suppose -r*x = -4*x - 14. Let n(c) = -c**2 - 6*c + 4. Calculate n(x).
-3
Let x(g) be the first derivative of -g**5/60 - g**4/6 + g**3 + 15*g**2/2 - 28. Let h(j) be the second derivative of x(j). Calculate h(-5).
1
Suppose 0 = -3*d - 4*j - 32, 4*j + 26 = -d + 18. Let w(x) = -x**2 - 14*x - 17. Calculate w(d).
7
Suppose -2*s - n = 4 - 2, -5*n - 10 = -5*s. Let l(i) = i**3 + i**2 + i + 1. Give l(s).
1
Let z(c) be the first derivative of -c**2/2 + 13*c + 576. Determine z(13).
0
Suppose 73*o - 10*o + 315 = 0. Let r(z) = -z**3 - 3*z**2 + z + 3. Calculate r(o).
48
Let c(w) = 4*w + 2. Suppose -3*t + 84 = 3. Suppose 12*s - t = 3*s. What is c(s)?
14
Let f(h) = 11*h + 4 - 3 - 12*h - 12*h + 8*h. Determine f(2).
-9
Let l(s) = s**2. Let p be (5 - 1) + 2*13. Suppose -2*n - p + 28 = 0. Calculate l(n).
1
Let q(l) = -2*l**2 - 1. Let j(k) = 1. Let u(t) = -2*j(t) - q(t). Let f = 2 + 12. Suppose -3*r + f = -n, 2*r - 3 = 3*n + 4. Determine u(n).
1
Let b be (-6)/3*(-15 - -13). Let s(o) = 2*o**2 - 4*o - 4. Determine s(b).
12
Let i(b) = 7*b - 27 - 6*b**2 + 12*b + 2*b**2 + 3*b**2 - 5*b. Calculate i(12).
-3
Let t be 7*1/(-6) - 7/(-42). Let m(o) = 20*o + 1. Calculate m(t).
-19
Suppose -5*a + 5 = -0. Let t = 1 + a. Let b(i) = 4 - 2*i + 0 - t. Determine b(3).
-4
Let i(b) = b + 4. Suppose 8 - 36 = -7*u. Let l be 54/8 - 3/u. Give i(l).
10
Let z(i) = i**3 - i**2 + i + 4. Let s(p) be the first derivative of -p**2 + 4*p - 30. Let l be s(2). Give z(l).
4
Let d(n) = n**2 - 7*n + 8. Let p(t) = -t*